99
Let p(s) = -s**2 - 18*s + 31. Calculate p(-20).
-9
Let v(j) = -91*j - 6093. Give v(-67).
4
Let z(w) = 2*w**2 + 19*w - 771. What is z(-25)?
4
Let o(w) = 2*w**2 - 16*w + 13. Determine o(7).
-1
Let h(d) = -2*d**2 - 197*d + 2265. Determine h(-109).
-24
Let x(q) = 9*q**2 - 68*q + 20. What is x(7)?
-15
Let h(x) = 4*x**2 + 227*x + 2401. Give h(-14).
7
Let x(u) = 6*u - 670. Calculate x(113).
8
Let c(o) = -49*o**2 + 1813*o + 26. Give c(37).
26
Let u(k) = -763*k + 64087. Give u(84).
-5
Let l(o) = 142*o + 134. Calculate l(-2).
-150
Let q(h) = -10*h**3 + 5566*h**2 - 5566*h - 1. Give q(1).
-11
Let i(u) = u**3 + 115*u**2 - 352*u - 10. What is i(3)?
-4
Let g(k) = 21*k + 191. Give g(-9).
2
Let t(q) = q**3 - 10*q**2 - 98*q - 114. Calculate t(-5).
1
Let w(o) = -o**3 + 11*o**2 - 121*o + 533. What is w(6)?
-13
Let y(p) = 498*p**2 + 12450*p - 4. Give y(-25).
-4
Let s(p) = -23*p + 123. Calculate s(6).
-15
Let b(p) = 21*p + 516. Calculate b(-25).
-9
Let f(l) = 20*l**2 + 236*l + 325. Calculate f(-10).
-35
Let s(p) = -21*p**2 + 114*p + 69. Determine s(6).
-3
Let o(g) = -g**3 + 2*g**2 - 143. Determine o(0).
-143
Let y(s) = -2*s**2 - 351*s + 1790. Give y(5).
-15
Let z(r) = -323*r**2 + 606*r + 83. What is z(2)?
3
Let m(t) = t**3 + 28*t**2 + 62*t + 54. Give m(-26).
-206
Let c(y) = -12*y + 352. Give c(37).
-92
Let p(f) = f**3 - 13*f**2 - 204*f - 101. Determine p(22).
-233
Let k(i) = -i**3 - 26*i**2 + 28*i - 27. Calculate k(-27).
-54
Let o(r) = 28*r**2 - 69*r - 68. Give o(-1).
29
Let r(k) = 93*k - 2382. What is r(26)?
36
Let j(l) = -l**2 + 33*l + 343. Determine j(29).
459
Let o(m) = 173*m - 5895. Determine o(34).
-13
Let o(c) = -c**2 - 2*c + 560. What is o(0)?
560
Let i(w) = 3*w**3 - 184*w**2 + 55*w + 372. Calculate i(61).
6
Let h(t) = t**3 + 260*t**2 + 4361*t + 1211. Give h(-242).
1
Let o(h) = h**3 - 71*h**2 - 56*h - 1163. Give o(72).
-11
Let f(v) = -3*v**3 - 4*v**2 + 9*v + 5. What is f(-3)?
23
Let a(c) = 19*c + 291. Calculate a(-15).
6
Let m(y) = y**2 + 45*y + 323. Give m(-9).
-1
Let d(b) = -b**3 - 16*b**2 - 45*b - 33. Give d(-13).
45
Let z(c) = 69*c - 340. Calculate z(5).
5
Let p(u) = 4*u**2 - 406*u + 537. What is p(100)?
-63
Let q(v) = v**3 - 13*v**2 + 35*v - 44. What is q(10)?
6
Let f(s) = 2*s**2 - 45*s - 221. What is f(27)?
22
Let r(d) = 18*d**2 - 434*d + 46. Determine r(24).
-2
Let p(l) = -3*l**3 - 14*l**2 + l + 3. Give p(-3).
-45
Let z(g) = -g**3 + 4*g**2 + 27*g - 108. Determine z(5).
2
Let j(v) = 2*v**2 - 137*v + 685. Calculate j(5).
50
Let m(u) = 11*u + 1180. Calculate m(-101).
69
Let x(w) = 6*w**2 - 447*w + 224. Calculate x(74).
2
Let m(b) = b**3 - 14*b**2 + 41*b - 210. Calculate m(12).
-6
Let w(l) = -l**2 + 11*l + 60. Give w(15).
0
Let n(c) = c**3 + 42*c**2 - 162*c - 1214. Calculate n(-45).
1
Let z(h) = 224*h + 662. Calculate z(-3).
-10
Let t(s) = -59*s**2 + 2*s + 9. Calculate t(-1).
-52
Let c(a) = 8*a + 309. Give c(-35).
29
Let o(n) = -n**2 - 55*n + 1403. What is o(18)?
89
Let p(l) = 2*l**2 - 112*l - 12873. Determine p(113).
9
Let p(y) = -y**2 - 18*y + 166. Determine p(12).
-194
Let q(s) = -s**2 + 21*s - 103. What is q(12)?
5
Let t(o) = o**3 + 23*o**2 - 32*o + 14. Calculate t(-24).
206
Let a(f) = 47*f - 2397. Give a(51).
0
Let i(n) = -n**3 - 27*n**2 - 115*n - 43. Give i(-21).
-274
Let k(a) = -a**2 + 241*a + 1986. Calculate k(-8).
-6
Let s(l) = -3*l**2 + 53*l + 91. Give s(19).
15
Let y(o) = -2*o**2 + 36*o + 164. Determine y(-6).
-124
Let l(h) = -2*h**3 + 56*h**2 - 6*h - 32. Give l(28).
-200
Let i(x) = -x**3 - 293*x**2 - 2*x + 278. Give i(0).
278
Let u(k) = 3*k**2 - 3*k + 37. What is u(10)?
307
Let x(u) = -u**2 + 161*u + 837. Give x(-5).
7
Let n(o) = -o**3 - 34*o**2 - 56*o + 265. Give n(-32).
9
Let j(t) = -t**3 - 10*t**2 - 92*t - 335. Give j(-5).
0
Let z(m) = -26*m**2 - 2002*m + 2003. Give z(1).
-25
Let k(g) = g**3 + 68*g**2 - 365*g - 9. Give k(-73).
-9
Let h(a) = 301*a - 464. Give h(3).
439
Let r(k) = 2*k**2 - 106*k + 96. What is r(53)?
96
Let b(n) = n**3 - 19*n**2 - 145*n + 596. Give b(24).
-4
Let x(t) = 19*t**2 + 12*t - 4. Give x(2).
96
Let f(c) = -c**2 + 31*c - 91. Give f(28).
-7
Let f(r) = -r**2 + 405*r - 21830. Give f(64).
-6
Let s(l) = 15929*l + 127465. Give s(-8).
33
Let w(s) = 2*s**3 + 69*s**2 - 33*s + 48. Determine w(-35).
-22
Let s(v) = 18*v**2 + 69*v + 417. What is s(-6)?
651
Let t(h) = 1210*h + 59338. What is t(-49)?
48
Let m(c) = -19*c**2 + 511*c + 63. What is m(27)?
9
Let d(i) = 24*i + 263. Give d(-11).
-1
Let k(x) = 17*x + 430. Determine k(-40).
-250
Let i(x) = -3*x**2 - 78*x + 163. Calculate i(-28).
-5
Let r(d) = -d**2 + 18*d + 19. Give r(-2).
-21
Let f(q) = -20*q**2 + 21*q + 74. Calculate f(-4).
-330
Let x(z) = 933*z + 9331. Give x(-10).
1
Let o(s) = -11*s - 138. What is o(-21)?
93
Let n(x) = 7*x**3 + 3*x**2 + 4*x - 44. Calculate n(-4).
-460
Let p(h) = 16*h - 777. Give p(48).
-9
Let d(b) = 150*b + 140. What is d(-1)?
-10
Let y(p) = -p**3 - 10*p**2 + 15*p + 69. What is y(-12)?
177
Let a(l) = -64*l - 14909. Give a(-233).
3
Let g(w) = 26*w - 395. Give g(3).
-317
Let j(m) = -51*m + 821. Give j(16).
5
Let d(z) = z**2 + 72*z + 588. What is d(-59)?
-179
Let z(j) = 5*j**2 + 41*j + 124. Calculate z(-8).
116
Let l(x) = 4*x**3 + 59*x**2 - 13*x + 37. Calculate l(-15).
7
Let j(p) = p**3 - 143*p**2 + 815*p + 53. What is j(6)?
11
Let w(o) = o**3 - o**2 + 395*o + 3. Calculate w(0).
3
Let j(f) = 5*f**3 + 139*f**2 + 109*f + 29. Determine j(-27).
2
Let p(g) = 12*g**3 - 2*g + 2. Calculate p(1).
12
Let g(l) = 6*l**2 - 8*l - 17. Give g(3).
13
Let b(n) = 3*n**2 + 57*n - 9. Give b(-21).
117
Let a(y) = -8*y**2 + 113*y + 252. Determine a(-2).
-6
Let p(l) = 71*l**2 - 27*l + 3. Determine p(2).
233
Let p(u) = -u**3 + 17*u**2 - 64*u - 10. What is p(5)?
-30
Let s(y) = y**3 - 16*y**2 + 28*y + 30. What is s(15)?
225
Let w(x) = -420*x - 2119. Determine w(-5).
-19
Let f(k) = -4*k**3 + 64*k**2 + 318*k + 47. Calculate f(20).
7
Let j(h) = -72*h - 796. What is j(-7)?
-292
Let u(c) = -2*c**3 + 6*c**2 - 46*c - 266. Calculate u(-7).
1036
Let q(l) = l**3 - 3*l**2 - 12*l + 21. Determine q(3).
-15
Let x(n) = n**3 + 16*n**2 + 40*n + 226. Give x(-14).
58
Let a(k) = -11*k**3 - 296*k**2 + 64*k + 1001. Calculate a(-27).
2
Let d(c) = -c**3 - 69*c**2 + 453*c + 2. Give d(6).
20
Let g(k) = -2*k**2 + 40*k + 157. Determine g(-6).
-155
Let f(o) = 8*o + 52. What is f(-14)?
-60
Let v(n) = 637*n - 1163. What is v(2)?
111
Let b(x) = -8*x + 289. What is b(40)?
-31
Let b(z) = 205*z + 3668. What is b(-18)?
-22
Let u(x) = 151*x - 2106. Determine u(14).
8
Let n(f) = 2*f**2 + 58*f - 40. Calculate n(-32).
152
Let i(g) = -910*g + 3639. Calculate i(4).
-1
Let o(n) = 14*n**3 - 255*n**2 + 33*n + 385. Give o(18).
7
Let m(t) = -12*t + 831. Give m(75).
-69
Let t(h) = 41*h**2 - 29*h - 14. Give t(2).
92
Let s(o) = 884*o + 4332. Calculate s(-5).
-88
Let a(q) = -q**2 + 108*q - 2187. Give a(81).
0
Let a(c) = 4*c**2 - 7*c + 7. What is a(1)?
4
Let d(h) = -2*h**3 + 810*h**2 + 2437*h + 4472. What is d(408)?
-16
Let p(g) = -72*g - 1867. Determine p(-26).
5
Let w(d) = d**2 + 13*d - 81. Give w(5).
9
Let l(u) = 2*u**2 - 140*u + 2463. Give l(33).
21
Let d(f) = -8*f**2 + f + 46. Calculate d(0).
46
Let j(i) = -14*i**2 + 3*i - 5. What is j(-3)?
-140
Let j(o) = -o**3 - 12*o**2 + 64*o - 26. Determine j(-16).
-26
Let j(d) = 4*d**3 + d**2 + 43*d - 94. Determine j(2).
28
Let i(x) = -16*x + 329. What is i(22)?
-23
Let i(w) = 3*w**2 + 44*w + 27. Determine i(-14).
-1
Let k(f) = -2*f**3 + 24*f**2 + 5*f - 2. What is k(12)?
58
Let t(p) = -3*p**2 + 13*p - 38. What is t(-11)?
-544
Let g(z) = z**2 + 35*z + 4. Calculate g(-32).
-92
Let s(u) = 21*u + 52. Determine s(5).
157
Let f(m) = m**3 + 3*m**2 - 32*m - 143. Calculate f(6).
-11
Let u(w) = 295*w - 29774. Give u(101).
21
Let o(l) = 7*l**2 + 87*l - 69. What is o(-14)?
85
Let d(l) = 40*l**2 - 7*l + 2. What is d(1)?
35
Let t(k) = 10*k - 464. What is t(-49)?
-954
Let w(n) = -2*n**3 - 64*n - 145. Determine w(-3).
101
Let k(c) = -c**3 + 83*c**2 + 7*c - 579. Give k(83).
2
Let a(k) = -k**2 - 37*k - 37. Give a(-34).
65
Let f(j) = -j**3 + 31*j**2 + 68*j - 67. Determine f(33).
-1
Let w(z) = 15*z**2 + 263*z + 8. Determine w(-17).
-128
Let q(w) = -w**3 - 10*w**2 + 17*w - 38. Determine q(-11).
-104
Let l(x) = -x**2 - 26*x + 4160. Give l(53).
-27
Let j(s) = -s**3 - 13*s**2 + 34*s + 3. Determine j(2).
11
Le